
What is 1 (base 12) in base 5?
1
-d (base 16) to base 13
-10
What is -8 (base 13) in base 11?
-8
What is 70 (base 11) in base 2?
1001101
0 (base 11) to base 13
0
Convert 10101 (base 2) to base 14.
17
3 (base 15) to base 13
3
Convert -101 (base 5) to base 10.
-26
Convert 220 (base 3) to base 12.
20
Convert 0 (base 3) to base 6.
0
23 (base 11) to base 6
41
3 (base 9) to base 8
3
What is -213 (base 12) in base 8?
-457
Convert -8 (base 12) to base 5.
-13
-238 (base 9) to base 13
-122
20 (base 4) to base 8
10
Convert -16 (base 12) to base 10.
-18
-29 (base 13) to base 8
-43
Convert 5 (base 14) to base 15.
5
Convert -41 (base 6) to base 4.
-121
-b8 (base 14) to base 15
-ac
Convert b (base 15) to base 11.
10
Convert -5 (base 12) to base 14.
-5
What is -1 (base 12) in base 13?
-1
9 (base 12) to base 4
21
What is -5 (base 7) in base 3?
-12
21 (base 5) to base 7
14
-6a (base 11) to base 13
-5b
11 (base 4) to base 11
5
-13 (base 7) to base 2
-1010
110 (base 2) to base 16
6
31 (base 5) to base 9
17
-33 (base 4) to base 16
-f
What is -32 (base 11) in base 4?
-203
What is -22 (base 3) in base 14?
-8
Convert -6 (base 10) to base 6.
-10
Convert 16 (base 14) to base 15.
15
Convert -4 (base 8) to base 4.
-10
6 (base 8) to base 7
6
Convert 41 (base 12) to base 7.
100
What is 1 (base 14) in base 8?
1
Convert -101100 (base 2) to base 7.
-62
What is -2211 (base 3) in base 13?
-5b
Convert -100010 (base 3) to base 13.
-15c
-10 (base 9) to base 16
-9
What is 15 (base 8) in base 12?
11
100 (base 3) to base 5
14
What is -312 (base 8) in base 5?
-1302
-24 (base 13) to base 6
-50
Convert 2 (base 14) to base 2.
10
What is 10000011 (base 2) in base 8?
203
Convert -4 (base 11) to base 16.
-4
What is 5 (base 12) in base 2?
101
What is 12000 (base 3) in base 5?
1020
Convert 120 (base 6) to base 16.
30
-252 (base 6) to base 13
-80
Convert -111000 (base 2) to base 8.
-70
-6 (base 9) to base 12
-6
-110011 (base 2) to base 10
-51
What is -20 (base 4) in base 14?
-8
-22 (base 9) to base 14
-16
What is 31 (base 6) in base 14?
15
Convert 55 (base 6) to base 15.
25
2 (base 13) to base 7
2
1 (base 11) to base 4
1
Convert -7b (base 13) to base 9.
-123
Convert -217 (base 10) to base 6.
-1001
-95 (base 12) to base 2
-1110001
Convert 20212 (base 3) to base 9.
225
11221 (base 3) to base 11
111
3 (base 5) to base 14
3
-61 (base 16) to base 4
-1201
Convert 1 (base 7) to base 3.
1
Convert 504 (base 6) to base 10.
184
-373 (base 9) to base 10
-309
What is 14 (base 9) in base 16?
d
4 (base 11) to base 5
4
What is 23 (base 4) in base 3?
102
Convert 0 (base 9) to base 5.
0
What is -144 (base 9) in base 3?
-11111
What is 14 (base 8) in base 5?
22
bd (base 14) to base 9
205
6f (base 16) to base 9
133
9 (base 13) to base 2
1001
What is 1321 (base 4) in base 10?
121
What is 10010010 (base 2) in base 7?
266
-6 (base 15) to base 12
-6
What is -a0 (base 13) in base 5?
-1010
Convert -4 (base 10) to base 9.
-4
What is 3 (base 15) in base 16?
3
Convert -58 (base 10) to base 15.
-3d
8 (base 13) to base 16
8
Convert -101 (base 3) to base 8.
-12
Convert 1 (base 5) to base 4.
1
What is -352 (base 7) in base 10?
-184
What is 10 (base 12) in base 10?
12
11 (base 9) to base 3
101
What is 6 (base 12) in base 7?
6
What is -32 (base 15) in base 11?
-43
Convert -10021 (base 3) to base 15.
-5d
What is -25 (base 6) in base 15?
-12
-12 (base 4) to base 12
-6
-2 (base 6) to base 16
-2
101 (base 4) to base 15
12
What is 3f (base 16) in base 2?
111111
92 (base 10) to base 11
84
Convert 100 (base 3) to base 10.
9
Convert -2241 (base 5) to base 12.
-229
What is 10 (base 5) in base 13?
5
Convert 1001 (base 2) to base 8.
11
Convert -21121 (base 3) to base 13.
-12a
Convert 100 (base 2) to base 8.
4
Convert -44 (base 5) to base 12.
-20
What is -57 (base 9) in base 6?
-124
What is -10 (base 5) in base 15?
-5
0 (base 15) to base 10
0
Convert 26 (base 7) to base 10.
20
Convert 15 (base 14) to base 2.
10011
Convert 1 (base 16) to base 15.
1
Convert -132 (base 8) to base 11.
-82
103 (base 4) to base 3
201
Convert 5 (base 13) to base 6.
5
What is -2 (base 6) in base 15?
-2
-30 (base 5) to base 8
-17
21 (base 7) to base 6
23
What is 45 (base 12) in base 6?
125
What is 1 (base 6) in base 14?
1
What is -100 (base 3) in base 9?
-10
Convert 12011 (base 3) to base 4.
2023
-bb (base 13) to base 6
-414
Convert -a (base 14) to base 9.
-11
Convert -1 (base 10) to base 9.
-1
Convert -3b (base 13) to base 6.
-122
What is 181 (base 10) in base 6?
501
11 (base 6) to base 9
7
Convert 5 (base 6) to base 7.
5
-43 (base 12) to base 11
-47
What is 1 (base 13) in base 7?
1
What is 17 (base 10) in base 11?
16
What is -10 (base 12) in base 14?
-c
-1201 (base 3) to base 4
-232
Convert 88 (base 11) to base 9.
116
13 (base 4) to base 10
7
9 (base 16) to base 10
9
-2101 (base 4) to base 14
-a5
111101 (base 3) to base 15
191
Convert 4 (base 16) to base 7.
4
Convert 4 (base 16) to base 11.
4
What is 203 (base 7) in base 11?
92
-24 (base 6) to base 15
-11
Convert 0 (base 6) to base 16.
0
What is -101001 (base 2) in base 4?
-221
What is 0 (base 15) in base 10?
0
What is -127 (base 10) in base 9?
-151
What is -49 (base 13) in base 11?
-56
101 (base 4) to base 6
25
What is 5b (base 12) in base 13?
56
Convert 50 (base 12) to base 16.
3c
What is -21 (base 5) in base 16?
-b
What is 1 (base 10) in base 16?
1
Convert 20 (base 7) to base 13.
11
16 (base 7) to base 15
d
21 (base 13) to base 10
27
What is 1233 (base 5) in base 14?
db
Convert -130 (base 4) to base 2.
-11100
What is -134 (base 7) in base 6?
-202
Convert -19 (base 10) to base 13.
-16
Convert -12 (base 10) to base 16.
-c
What is 30 (base 9) in base 16?
1b
-4a (base 14) to base 5
-231
What is 10011 (base 2) in base 10?
19
What is -1000011 (base 2) in base 6?
-151
Convert 67 (base 12) to base 16.
4f
What is 0 (base 7) in base 5?
0
Convert -96 (base 11) to base 16.
-69
What is 56 (base 9) in base 12?
43
What is -5f (base 16) in base 15?
-65
What is 4 (base 14) in base 13?
4
Convert -44 (base 7) to base 16.
-20
Convert -24 (base 11) to base 8.
-32
-1 (base 7) to base 4
-1
-33 (base 9) to base 2
-11110
Convert 101 (base 3) to base 16.
a
1 (base 10) to base 11
1
Convert 6 (base 16) to base 3.
20
What is 55 (base 7) in base 8?
50
-10 (base 14) to base 3
-112
Convert -12 (base 13) to base 5.
-30
What is -10 (base 7) in base 11?
-7
-1 (base 2) to base 10
-1
-6 (base 7) to base 3
-20
31 (base 6) to base 13
16
-23c (base 13) to base 9
-472
Convert -25 (base 8) to base 13.
-18
1110 (base 7) to base 13
249
-100 (base 2) to base 9
-4
What is -11 (base 6) in base 7?
-10
Convert 84 (base 11) to base 13.
71
10111 (base 2) to base 8
27
What is -4 (base 16) in base 12?
-4
What is 10 (base 3) in base 11?
3
-2 (base 5) to base 2
-10
Convert 1 (base 3) to base 16.
1
What is -14 (base 9) in base 15?
-d
-8 (base 14) to base 5
-13
-203 (base 6) to base 2
-1001011
What is -220 (base 3) in base 9?
-26
Convert 113 (base 4) to base 12.
1b
Convert 116 (base 9) to base 14.
6c
What is -268 (base 9) in base 5?
-1344
Convert -31 (base 7) to base 8.
-26
1 (base 10) to base 12
1
-d (base 15) to base 2
-1101
-1 (base 10) to base 8
-1
5 (base 13) to base 16
5
What is -225 (base 6) in base 11?
-81
4 (base 7) to base 6
4
What is 30 (base 6) in base 12?
16
Convert b (base 15) to base 6.
15
Convert -3 (base 12) to base 7.
-3
Convert 0 (base 6) to base 13.
0
What is -4 (base 11) in base 10?
-4
What is 1011111 (base 2) in base 4?
1133
Convert -17 (base 8) to base 13.
-12
3 (base 8) to base 3
10
What is 11110 (base 2) in base 6?
50
What is 17 (base 11) in base 14?
14
101 (base 2) to base 15
5
What is -5 (base 10) in base 14?
-5
-41 (base 9) to base 2
-100101
-1 (base 6) to base 9
-1
6 (base 16) to base 10
6
What is -2 (base 3) in base 2?
-10
Convert -231 (base 5) to base 6.
-150
Convert 11 (base 2) to base 8.
3
Convert -50 (base 9) to base 10.
-45
32 (base 13) to base 5
131
-3 (base 6) to base 4
-3
Convert 71 (base 10) to base 8.
107
Convert 55 (base 11) to base 4.
330
What is -1222 (base 3) in base 10?
-53
What is -79 (base 14) in base 13?
-83
What is 5 (base 8) in base 3?
12
100 (base 3) to base 12
9
Convert -11101 (base 2) to base 12.
-25
What is 0 (base 3) in base 14?
0
What is -3 (base 12) in base 6?
-3
Convert -5 (base 10) to base 11.
-5
What i